{"id":3097,"date":"2025-02-16T20:00:46","date_gmt":"2025-02-16T20:00:46","guid":{"rendered":"https:\/\/aquariosp.com.br\/site\/?page_id=3097"},"modified":"2025-05-13T12:49:29","modified_gmt":"2025-05-13T12:49:29","slug":"nur","status":"publish","type":"page","link":"https:\/\/aquariodesp.com.br\/site\/nur\/","title":{"rendered":"Nur"},"content":{"rendered":"<p class=\"p1\"><b>Urso polar Nur nasce no Aqu\u00e1rio de S\u00e3o Paulo em fato \u00fanico na Am\u00e9rica Latina<\/b><\/p>\n<p class=\"p5\"><i>Esp\u00e9cie que simboliza a luta contra o aquecimento global teve seis nascimentos no \u00faltimo ano \u2013 cinco na Europa (quatro na R\u00fassia) e um no Brasil<\/i><\/p>\n<p><iframe style=\"max-width: 100%;\" title=\"YouTube video player\" src=\"https:\/\/www.youtube.com\/embed\/caz_2g3uspE?si=T7B3LX51JdTRlaWp\" width=\"560\" height=\"315\" frameborder=\"0\" allowfullscreen=\"allowfullscreen\"><\/iframe><\/p>\n<p class=\"p9\">Pr\u00f3ximo de completar 19 anos, o Aqu\u00e1rio de S\u00e3o Paulo est\u00e1 orgulhoso e acaba de protagonizar uma fa\u00e7anha hist\u00f3rica &#8211; <span class=\"s1\"><b>absolutamente in\u00e9dita em toda a Am\u00e9rica Latina<\/b><\/span>. No dia 17 de novembro, filha de Aurora e Peregrino &#8211; vindos do Zool\u00f3gico de Kazan (R\u00fassia) &#8211; como parte de um programa internacional de conserva\u00e7\u00e3o da esp\u00e9cie, Nur nasceu com cerca de 400 gramas.<\/p>\n<p class=\"p9\">A confirma\u00e7\u00e3o da gravidez de Aurora ocorreu quando a nossa equipe de veterin\u00e1rios observou mudan\u00e7as no comportamento dela, como a maior necessidade de descanso e altera\u00e7\u00e3o na alimenta\u00e7\u00e3o. A equipe monitorou continuamente Aurora, permitindo que ela <i>\u201cescolhesse\u201d<\/i> o melhor ambiente para o parto, numa toca criteriosamente montada. O local foi adaptado para simular condi\u00e7\u00f5es naturais, com escurid\u00e3o total e temperatura controlada entre 10\u00b0 graus negativos e 0\u00ba grau.<\/p>\n<p class=\"p9\">Aurora demonstrou um instinto materno imediato, lambendo e aquecendo Nur nas primeiras horas. O filhote nasceu com cerca de 400 gramas, contrastando com os 263 quilos da m\u00e3e e os mais de 600 quilos do pai. A confirma\u00e7\u00e3o de que Nur era f\u00eamea veio por meio das filmagens, ap\u00f3s um momento em que ela se virou de barriga para cima. Em todo o processo, quatro c\u00e2meras monitoravam 24 horas por dia o ambiente em que Aurora estava, o que nos rendeu um rico material com mais de 2,5 mil horas de imagens.<\/p>\n<p class=\"p9\">A equipe de veterin\u00e1rios manteve o monitoramento constante, garantindo que Aurora cuidasse adequadamente e acompanhasse cada progresso da filhote, numa luta di\u00e1ria pela sobreviv\u00eancia. O apoio de especialistas da R\u00fassia, com base no acordo internacional que o Aqu\u00e1rio tem com o Zoo de Kazan, foi fundamental.<\/p>\n<p class=\"p9\">A sa\u00edda de Nur da toca <i>\u201cser\u00e1 indicada\u201d<\/i> por Aurora, que decidir\u00e1 o momento certo para apresentar o novo recinto \u00e0 filhote. \u201cO futuro n\u00e3o \u00e9 a gente que decide; ela vai come\u00e7ar a dar sinais de que est\u00e1 pronta para sair (da toca) explorar o recinto e ensinar a nadar, a se alimentar para a Nur\u201d, explica Laura Reisfeld, veterin\u00e1ria-chefe do Aqu\u00e1rio de S\u00e3o Paulo.<\/p>\n<p class=\"p9\">O futuro de Nur \u00e9 incerto, embora o Aqu\u00e1rio de S\u00e3o Paulo queira mant\u00ea-la no Brasil e, possivelmente, trazer um macho no futuro (quando ela estiver em idade reprodutiva) para continuidade do programa de conserva\u00e7\u00e3o. No entanto, a decis\u00e3o final caber\u00e1 ao Zool\u00f3gico de Kazan.<\/p>\n<p class=\"p9\">A vinda dos ursos ao Brasil completou 10 anos e faz parte de uma parceria t\u00e9cnico-cient\u00edfica com o Zool\u00f3gico de Kazan, incluindo interc\u00e2mbio de conhecimento e suporte financeiro. Um dos projetos dessa colabora\u00e7\u00e3o foi a tradu\u00e7\u00e3o para o russo do livro<i> &#8220;Polar Bears: The Natural History of a Threatened Species&#8221;<\/i>, de Ian Stirling, distribu\u00eddo em institui\u00e7\u00f5es russas para fomentar estudos sobre a esp\u00e9cie.<\/p>\n<p class=\"p9\">Aurora e Peregrino, diferentemente da maioria dos ursos polares em zool\u00f3gicos, convivem o ano todo devido \u00e0 boa rela\u00e7\u00e3o desenvolvida desde jovens. \u201cA gravidez da Nur mostra que o ambiente assegurou o bem estar necess\u00e1rio para eles\u201d, explica Laura.<\/p>\n<p class=\"p9\">O nascimento de Nur \u00e9 um grande avan\u00e7o para a conserva\u00e7\u00e3o dos ursos polares, destacando a import\u00e2ncia da colabora\u00e7\u00e3o internacional e da reprodu\u00e7\u00e3o <i>ex-situ<\/i> para a preserva\u00e7\u00e3o da esp\u00e9cie.<\/p>\n<p class=\"p9\"><b>Sobre o Aqu\u00e1rio <\/b>\u2014<b> <\/b>Inaugurado em 2006, o Aqu\u00e1rio de S\u00e3o Paulo (ASP) \u00e9 refer\u00eancia em cuidado e bem-estar animal. Trata-se do primeiro aqu\u00e1rio tem\u00e1tico da Am\u00e9rica Latina, localizado no bairro do Ipiranga, na zona sul da capital. Com estrutura de 15 mil metros quadrados, ampliada ao longo dos quinze anos de hist\u00f3ria, \u00e9 o abrigo de cerca de 3.500 animais \u2014 250 esp\u00e9cies do Brasil e de outros pa\u00edses.<\/p>\n<p class=\"p9\">Uma das diretrizes do aqu\u00e1rio, sedimentada pela vis\u00e3o de seu fundador, \u00e9 estimular continuamente um compromisso com a consci\u00eancia ambiental. Al\u00e9m das visitas abertas, os espa\u00e7os promovem monitorias informativas e visitas de estudantes. O Aqu\u00e1rio mant\u00e9m parcerias com institui\u00e7\u00f5es nacionais e internacionais com o objetivo de conservar as esp\u00e9cies amea\u00e7adas de extin\u00e7\u00e3o e mostrar o que est\u00e1 em jogo no ecossistema se elas forem extintas.<br \/>\n<span class=\"Apple-converted-space\">\u00a0 \u00a0 \u00a0 \u00a0 \u00a0 \u00a0 \u00a0 \u00a0 \u00a0 \u00a0 \u00a0 \u00a0 \u00a0 \u00a0 \u00a0 \u00a0 \u00a0<\/span><b> <\/b><\/p>\n<p class=\"p11\"><b>ATENDIMENTO \u00c0 IMPRENSA &#8211; CHOICES COMUNICA\u00c7\u00c3O<\/b><\/p>\n<p class=\"p11\">Wagner Belmonte &#8211; (11) 97621-4244<br \/>\nBeatriz Lucas &#8211; (11) 96404-1484<br \/>\nThain\u00e1 Santos &#8211; (11) 95344-6717<\/p>\n","protected":false},"excerpt":{"rendered":"<p>Urso polar Nur nasce no Aqu\u00e1rio de S\u00e3o Paulo em fato \u00fanico na Am\u00e9rica Latina Esp\u00e9cie que simboliza a luta contra o aquecimento global teve seis nascimentos no \u00faltimo ano \u2013 cinco na Europa (quatro na R\u00fassia) e um no Brasil Pr\u00f3ximo de completar 19 anos, o Aqu\u00e1rio de S\u00e3o Paulo est\u00e1 orgulhoso e acaba <a href=\"https:\/\/aquariodesp.com.br\/site\/nur\/\" class=\"more-link\">&#8230;<span class=\"screen-reader-text\">  Nur<\/span><\/a><\/p>\n","protected":false},"author":2,"featured_media":0,"parent":0,"menu_order":1,"comment_status":"closed","ping_status":"closed","template":"page-full.php","meta":{"_acf_changed":false,"footnotes":""},"class_list":["post-3097","page","type-page","status-publish","hentry"],"acf":[],"_links":{"self":[{"href":"https:\/\/aquariodesp.com.br\/site\/wp-json\/wp\/v2\/pages\/3097","targetHints":{"allow":["GET"]}}],"collection":[{"href":"https:\/\/aquariodesp.com.br\/site\/wp-json\/wp\/v2\/pages"}],"about":[{"href":"https:\/\/aquariodesp.com.br\/site\/wp-json\/wp\/v2\/types\/page"}],"author":[{"embeddable":true,"href":"https:\/\/aquariodesp.com.br\/site\/wp-json\/wp\/v2\/users\/2"}],"replies":[{"embeddable":true,"href":"https:\/\/aquariodesp.com.br\/site\/wp-json\/wp\/v2\/comments?post=3097"}],"version-history":[{"count":10,"href":"https:\/\/aquariodesp.com.br\/site\/wp-json\/wp\/v2\/pages\/3097\/revisions"}],"predecessor-version":[{"id":3198,"href":"https:\/\/aquariodesp.com.br\/site\/wp-json\/wp\/v2\/pages\/3097\/revisions\/3198"}],"wp:attachment":[{"href":"https:\/\/aquariodesp.com.br\/site\/wp-json\/wp\/v2\/media?parent=3097"}],"curies":[{"name":"wp","href":"https:\/\/api.w.org\/{rel}","templated":true}]}}