{"id":41,"date":"2024-02-19T11:55:02","date_gmt":"2024-02-19T11:55:02","guid":{"rendered":"https:\/\/dev.codyss.com.br\/novoasp\/?page_id=41"},"modified":"2025-02-03T19:49:30","modified_gmt":"2025-02-03T19:49:30","slug":"parceiros","status":"publish","type":"page","link":"https:\/\/aquariodesp.com.br\/site\/parceiros\/","title":{"rendered":"Parceiros do Aqu\u00e1rio de S\u00e3o Paulo"},"content":{"rendered":"<p>Conhe\u00e7a aqui os grandes parceiros e colaboradores, que fazem do Aqu\u00e1rio de S\u00e3o Paulo uma refer\u00eancia em forma\u00e7\u00e3o de profissionais e cuidado com animais.<\/p>\n","protected":false},"excerpt":{"rendered":"<p>Conhe\u00e7a aqui os grandes parceiros e colaboradores, que fazem do Aqu\u00e1rio de S\u00e3o Paulo uma refer\u00eancia em forma\u00e7\u00e3o de profissionais e cuidado com animais.<\/p>\n","protected":false},"author":1,"featured_media":0,"parent":0,"menu_order":0,"comment_status":"closed","ping_status":"closed","template":"page-parceiros.php","meta":{"_acf_changed":false,"footnotes":""},"class_list":["post-41","page","type-page","status-publish","hentry"],"acf":[],"_links":{"self":[{"href":"https:\/\/aquariodesp.com.br\/site\/wp-json\/wp\/v2\/pages\/41","targetHints":{"allow":["GET"]}}],"collection":[{"href":"https:\/\/aquariodesp.com.br\/site\/wp-json\/wp\/v2\/pages"}],"about":[{"href":"https:\/\/aquariodesp.com.br\/site\/wp-json\/wp\/v2\/types\/page"}],"author":[{"embeddable":true,"href":"https:\/\/aquariodesp.com.br\/site\/wp-json\/wp\/v2\/users\/1"}],"replies":[{"embeddable":true,"href":"https:\/\/aquariodesp.com.br\/site\/wp-json\/wp\/v2\/comments?post=41"}],"version-history":[{"count":19,"href":"https:\/\/aquariodesp.com.br\/site\/wp-json\/wp\/v2\/pages\/41\/revisions"}],"predecessor-version":[{"id":1563,"href":"https:\/\/aquariodesp.com.br\/site\/wp-json\/wp\/v2\/pages\/41\/revisions\/1563"}],"wp:attachment":[{"href":"https:\/\/aquariodesp.com.br\/site\/wp-json\/wp\/v2\/media?parent=41"}],"curies":[{"name":"wp","href":"https:\/\/api.w.org\/{rel}","templated":true}]}}