{"id":488,"date":"2024-06-07T17:59:33","date_gmt":"2024-06-07T17:59:33","guid":{"rendered":"https:\/\/dev.codyss.com.br\/novoasp\/?page_id=488"},"modified":"2025-02-04T18:33:50","modified_gmt":"2025-02-04T18:33:50","slug":"repteis-2","status":"publish","type":"page","link":"https:\/\/aquariodesp.com.br\/site\/animais-2\/repteis-2\/","title":{"rendered":"R\u00e9pteis"},"content":{"rendered":"<p>Os r\u00e9pteis s\u00e3o animais vertebrados que pertencem \u00e0 classe Reptilia e se classificam em quatro ordens: Testudines, Squamata, Crocodilia e Sphenodonta. O termo \u201cr\u00e9ptil\u201d faz refer\u00eancia a esse grupo de animais do qual fazem parte os crocodilos, serpentes, lagartos, tartarugas, al\u00e9m de grupos de animais extintos, como os dinossauros.<\/p>\n<p>Esse grupo apresenta uma imensa variedade de animais, com formas corporais e adapta\u00e7\u00f5es diversas, mas que compartilham algumas caracter\u00edsticas em comum, entre elas a pele grossa e imperme\u00e1vel recoberta por escamas, a respira\u00e7\u00e3o pulmonar e a presen\u00e7a de ovo amni\u00f3tico.<\/p>\n","protected":false},"excerpt":{"rendered":"<p>Os r\u00e9pteis s\u00e3o animais vertebrados que pertencem \u00e0 classe Reptilia e se classificam em quatro ordens: Testudines, Squamata, Crocodilia e Sphenodonta. O termo \u201cr\u00e9ptil\u201d faz refer\u00eancia a esse grupo de animais do qual fazem parte os crocodilos, serpentes, lagartos, tartarugas, al\u00e9m de grupos de animais extintos, como os dinossauros. Esse grupo apresenta uma imensa variedade <a href=\"https:\/\/aquariodesp.com.br\/site\/animais-2\/repteis-2\/\" class=\"more-link\">&#8230;<span class=\"screen-reader-text\">  R\u00e9pteis<\/span><\/a><\/p>\n","protected":false},"author":3,"featured_media":0,"parent":92,"menu_order":0,"comment_status":"closed","ping_status":"closed","template":"page-animal.php","meta":{"_acf_changed":false,"footnotes":""},"class_list":["post-488","page","type-page","status-publish","hentry"],"acf":[],"_links":{"self":[{"href":"https:\/\/aquariodesp.com.br\/site\/wp-json\/wp\/v2\/pages\/488","targetHints":{"allow":["GET"]}}],"collection":[{"href":"https:\/\/aquariodesp.com.br\/site\/wp-json\/wp\/v2\/pages"}],"about":[{"href":"https:\/\/aquariodesp.com.br\/site\/wp-json\/wp\/v2\/types\/page"}],"author":[{"embeddable":true,"href":"https:\/\/aquariodesp.com.br\/site\/wp-json\/wp\/v2\/users\/3"}],"replies":[{"embeddable":true,"href":"https:\/\/aquariodesp.com.br\/site\/wp-json\/wp\/v2\/comments?post=488"}],"version-history":[{"count":9,"href":"https:\/\/aquariodesp.com.br\/site\/wp-json\/wp\/v2\/pages\/488\/revisions"}],"predecessor-version":[{"id":1549,"href":"https:\/\/aquariodesp.com.br\/site\/wp-json\/wp\/v2\/pages\/488\/revisions\/1549"}],"up":[{"embeddable":true,"href":"https:\/\/aquariodesp.com.br\/site\/wp-json\/wp\/v2\/pages\/92"}],"wp:attachment":[{"href":"https:\/\/aquariodesp.com.br\/site\/wp-json\/wp\/v2\/media?parent=488"}],"curies":[{"name":"wp","href":"https:\/\/api.w.org\/{rel}","templated":true}]}}