{"id":67,"date":"2024-02-19T12:23:26","date_gmt":"2024-02-19T12:23:26","guid":{"rendered":"https:\/\/dev.codyss.com.br\/novoasp\/?page_id=67"},"modified":"2026-03-26T05:00:57","modified_gmt":"2026-03-26T05:00:57","slug":"programa-de-conservacao-2","status":"publish","type":"page","link":"https:\/\/aquariodesp.com.br\/site\/programa-de-conservacao-2\/","title":{"rendered":"Programa de Conserva\u00e7\u00e3o"},"content":{"rendered":"<p>Entendendo como o meio ambiente, os animais e o ser humano est\u00e3o integrados e a import\u00e2ncia de se trabalhar no \u00e2mbito da Sa\u00fade e do bem-estar \u00fanicos, o Aqu\u00e1rio de S\u00e3o Paulo definiu como sua miss\u00e3o realizar a manuten\u00e7\u00e3o de animais silvestres e ex\u00f3ticos com elevados n\u00edveis de bem-estar, promovendo a conserva\u00e7\u00e3o e uma educa\u00e7\u00e3o ambiental que encoraje a reflex\u00e3o sobre a import\u00e2ncia da preserva\u00e7\u00e3o ambiental. Dessa forma, nosso Programa de Conserva\u00e7\u00e3o se divide em 05 frentes:<\/p>\n<p>\u2022 PARCERIAS DE APOIO \u00c0 INSTITUI\u00c7\u00d5ES DE CONSERVA\u00c7\u00c3O;<\/p>\n<p>\u2022 PARTICIPA\u00c7\u00c3O EM PROGRAMAS DE MANEJO <em>EX-SITU<\/em> INTEGRADOS;<\/p>\n<p>\u2022 DESENVOLVIMENTO DE PESQUISAS E PARCERIAS COM INSTITUI\u00c7\u00d5ES DE ENSINO\/PESQUISA;<\/p>\n<p>\u2022 EDUCA\u00c7\u00c3O PARA A CONSERVA\u00c7\u00c3O;<\/p>\n<p>\u2022 PROGRAMA DE SUSTENTABILIDADE .<\/p>\n<p>&nbsp;<\/p>\n<p><a href=\"\/site\/wp-content\/uploads\/2026\/03\/Relatorio-Anual-2025-Aquario-de-SP.pdf\" target=\"_blank\" rel=\"noopener\">Acesse nosso relat\u00f3rio anual de 2025<\/a><\/p>\n","protected":false},"excerpt":{"rendered":"<p>Entendendo como o meio ambiente, os animais e o ser humano est\u00e3o integrados e a import\u00e2ncia de se trabalhar no \u00e2mbito da Sa\u00fade e do bem-estar \u00fanicos, o Aqu\u00e1rio de S\u00e3o Paulo definiu como sua miss\u00e3o realizar a manuten\u00e7\u00e3o de animais silvestres e ex\u00f3ticos com elevados n\u00edveis de bem-estar, promovendo a conserva\u00e7\u00e3o e uma educa\u00e7\u00e3o <a href=\"https:\/\/aquariodesp.com.br\/site\/programa-de-conservacao-2\/\" class=\"more-link\">&#8230;<span class=\"screen-reader-text\">  Programa de Conserva\u00e7\u00e3o<\/span><\/a><\/p>\n","protected":false},"author":1,"featured_media":0,"parent":0,"menu_order":0,"comment_status":"closed","ping_status":"closed","template":"page-conservacao.php","meta":{"_acf_changed":false,"footnotes":""},"class_list":["post-67","page","type-page","status-publish","hentry"],"acf":[],"_links":{"self":[{"href":"https:\/\/aquariodesp.com.br\/site\/wp-json\/wp\/v2\/pages\/67","targetHints":{"allow":["GET"]}}],"collection":[{"href":"https:\/\/aquariodesp.com.br\/site\/wp-json\/wp\/v2\/pages"}],"about":[{"href":"https:\/\/aquariodesp.com.br\/site\/wp-json\/wp\/v2\/types\/page"}],"author":[{"embeddable":true,"href":"https:\/\/aquariodesp.com.br\/site\/wp-json\/wp\/v2\/users\/1"}],"replies":[{"embeddable":true,"href":"https:\/\/aquariodesp.com.br\/site\/wp-json\/wp\/v2\/comments?post=67"}],"version-history":[{"count":29,"href":"https:\/\/aquariodesp.com.br\/site\/wp-json\/wp\/v2\/pages\/67\/revisions"}],"predecessor-version":[{"id":3768,"href":"https:\/\/aquariodesp.com.br\/site\/wp-json\/wp\/v2\/pages\/67\/revisions\/3768"}],"wp:attachment":[{"href":"https:\/\/aquariodesp.com.br\/site\/wp-json\/wp\/v2\/media?parent=67"}],"curies":[{"name":"wp","href":"https:\/\/api.w.org\/{rel}","templated":true}]}}