{"id":69,"date":"2024-02-19T12:23:39","date_gmt":"2024-02-19T12:23:39","guid":{"rendered":"https:\/\/dev.codyss.com.br\/novoasp\/?page_id=69"},"modified":"2025-06-30T19:25:00","modified_gmt":"2025-06-30T19:25:00","slug":"bem-estar-dos-animais","status":"publish","type":"page","link":"https:\/\/aquariodesp.com.br\/site\/bem-estar-dos-animais\/","title":{"rendered":"Bem-estar dos Animais"},"content":{"rendered":"<p>O Aqu\u00e1rio de S\u00e3o Paulo possui a responsabilidade de manter um elevado padr\u00e3o de bem-estar a todos os animais sob seus cuidados. A vis\u00e3o de nossa institui\u00e7\u00e3o est\u00e1 intimamente ligada \u00e0 conserva\u00e7\u00e3o, educa\u00e7\u00e3o e pesquisa e nos d\u00e1 suporte para propiciar meios de garantir o bem-estar animal.<\/p>\n<p>\u00c9 atrav\u00e9s de uma equipe multidisciplinar (ocean\u00f3grafos, veterin\u00e1rios e bi\u00f3logos) que o manejo dos animais do Aqu\u00e1rio de S\u00e3o Paulo \u00e9 realizado. Hoje s\u00e3o mais de quarenta profissionais ligados \u00e0s \u00e1reas de educa\u00e7\u00e3o ambiental, manejo e bem-estar animal.<\/p>\n<p>Existe uma constante preocupa\u00e7\u00e3o por parte desta equipe com o animal sob seus cuidados. Para tanto, s\u00e3o realizadas pesquisas para o conhecimento de condi\u00e7\u00f5es \u00f3timas para a manuten\u00e7\u00e3o da esp\u00e9cie que alcancem o bem-estar f\u00edsico e psicol\u00f3gico destes animais.<\/p>\n<p>Al\u00e9m das rotinas de controle de par\u00e2metros, alimenta\u00e7\u00e3o e limpeza dos recintos, \u00e9 realizada uma s\u00e9rie de atividades extras que ajudam a identificar necessidades de cada indiv\u00edduo, como registros di\u00e1rios de comportamento e estudos de observa\u00e7\u00e3o comportamental. A partir deste conjunto de dados, a equipe multidisciplinar se re\u00fane e define estrat\u00e9gias que buscam sempre aumentar a qualidade de vida dos indiv\u00edduos.<\/p>\n","protected":false},"excerpt":{"rendered":"<p>O Aqu\u00e1rio de S\u00e3o Paulo possui a responsabilidade de manter um elevado padr\u00e3o de bem-estar a todos os animais sob seus cuidados. A vis\u00e3o de nossa institui\u00e7\u00e3o est\u00e1 intimamente ligada \u00e0 conserva\u00e7\u00e3o, educa\u00e7\u00e3o e pesquisa e nos d\u00e1 suporte para propiciar meios de garantir o bem-estar animal. \u00c9 atrav\u00e9s de uma equipe multidisciplinar (ocean\u00f3grafos, veterin\u00e1rios <a href=\"https:\/\/aquariodesp.com.br\/site\/bem-estar-dos-animais\/\" class=\"more-link\">&#8230;<span class=\"screen-reader-text\">  Bem-estar dos Animais<\/span><\/a><\/p>\n","protected":false},"author":1,"featured_media":0,"parent":0,"menu_order":0,"comment_status":"closed","ping_status":"closed","template":"page-bem-estar.php","meta":{"_acf_changed":false,"footnotes":""},"class_list":["post-69","page","type-page","status-publish","hentry"],"acf":[],"_links":{"self":[{"href":"https:\/\/aquariodesp.com.br\/site\/wp-json\/wp\/v2\/pages\/69","targetHints":{"allow":["GET"]}}],"collection":[{"href":"https:\/\/aquariodesp.com.br\/site\/wp-json\/wp\/v2\/pages"}],"about":[{"href":"https:\/\/aquariodesp.com.br\/site\/wp-json\/wp\/v2\/types\/page"}],"author":[{"embeddable":true,"href":"https:\/\/aquariodesp.com.br\/site\/wp-json\/wp\/v2\/users\/1"}],"replies":[{"embeddable":true,"href":"https:\/\/aquariodesp.com.br\/site\/wp-json\/wp\/v2\/comments?post=69"}],"version-history":[{"count":20,"href":"https:\/\/aquariodesp.com.br\/site\/wp-json\/wp\/v2\/pages\/69\/revisions"}],"predecessor-version":[{"id":3230,"href":"https:\/\/aquariodesp.com.br\/site\/wp-json\/wp\/v2\/pages\/69\/revisions\/3230"}],"wp:attachment":[{"href":"https:\/\/aquariodesp.com.br\/site\/wp-json\/wp\/v2\/media?parent=69"}],"curies":[{"name":"wp","href":"https:\/\/api.w.org\/{rel}","templated":true}]}}